hat is the remainder when n is divided by 27?
14
Let s(b) = b**2 + 9*b + 3. Let p be s(-9). Let w be 349/4 - p/12. Suppose 5*c - w - 28 = 0. Calculate the remainder when c is divided by 13.
10
Let y be (-1)/4*-4 + 1. Suppose -l + 1 + y = 0. Let u = 10 - -2. Calculate the remainder when u is divided by l.
0
Let m = -4 + 23. Suppose 0 = -5*v + 3*v + 4*c, -5*v + 4*c = -12. Suppose l + 21 = v*l. What is the remainder when m is divided by l?
5
Calculate the remainder when 80243/377 + (-2)/(-13) is divided by 18.
15
Let y(x) = -16 + 46 + 9 - x + 18. Calculate the remainder when y(-19) is divided by 26.
24
Suppose -f - 5*j + 13 = 0, 0 = -f + 4*j + 2 + 2. Calculate the remainder when f/(-2)*(-414)/24 is divided by 12.
9
Let b(j) = 3*j**2 + 45*j + 15. Let s be b(-15). Calculate the remainder when 13 is divided by 7/(42/s)*4.
3
Suppose j + j + 2 = 0. Let p(l) = 52*l + 8. Let r(y) = 25*y + 3. Let q(n) = 2*p(n) - 5*r(n). Calculate the remainder when q(j) is divided by 12.
10
Suppose -32 = -5*t + 3*t. Let z = 27 - t. Suppose 23*y - 25*y + 62 = 0. Calculate the remainder when y is divided by z.
9
Let o = -186 + 202. What is the remainder when 79 is divided by o?
15
Let t = -5 + -9. Let f = t + 22. Suppose 0 = 8*p + 3*p - 127 - 16. What is the remainder when p is divided by f?
5
Suppose -4*k - 5 = -17. What is the remainder when -1 - -6 - (-4 + (-2)/1) is divided by k?
2
What is the remainder when (41 + -38)/(3/98) is divided by 98?
0
Let w(l) = 2*l - 7. Let d = -1 - -8. Let o = 157 + -132. What is the remainder when o is divided by w(d)?
4
Let a(k) = -3*k - 23. Let i(f) = -f**3 - 7*f**2 - 10*f - 6. What is the remainder when i(-6) is divided by a(-10)?
4
Suppose 0 = -3*o + 176 + 247. What is the remainder when o is divided by 29?
25
Let d = 75 + -63. Calculate the remainder when 17 is divided by d.
5
Let d(x) = 4*x**2 + 4*x + 2. Let q be d(4). Suppose -422 = -10*h - q. What is the remainder when 134 is divided by h?
32
Let g(r) be the first derivative of 4*r**2 + 8*r + 16. What is the remainder when g(11) is divided by 25?
21
Suppose -84 = -u - 4*g, 2*u - 3*g - 124 = 33. Let w = u + -77. Calculate the remainder when 18 is divided by w.
0
Let l = -3 - -6. Suppose -l*u + 0*u + 12 = 0. Suppose u*v = v + 3*r + 33, -v = 3*r + 1. What is the remainder when 30 is divided by v?
6
Suppose -26*m + 480 = -11*m. What is the remainder when 95 is divided by m?
31
Let f(g) = -4*g**2 + 3*g + 297. Calculate the remainder when f(0) is divided by 25.
22
Calculate the remainder when 116 is divided by (-4 - 48/(-20))*4*-5.
20
Suppose i + 164 = 3*i. Let t = -1986 + 2015. What is the remainder when i is divided by t?
24
Suppose -6*f + 6 = -0. Suppose -3*r + 17 + f = 0. Calculate the remainder when 8 is divided by r.
2
Let n(r) = 4*r - 6. Let f be n(4). Let a(d) = d + 67 + 69 - 116. What is the remainder when a(f) is divided by 8?
6
Suppose 4361*a - 4367*a = -18. What is the remainder when 254 is divided by a?
2
Calculate the remainder when 4*-1 + 6 + 167 + 5 is divided by 45.
39
Suppose 2*s - 20 = 24. Suppose -1006*x = -1011*x + 30. Calculate the remainder when s is divided by x.
4
Suppose 2*r - 33 = 3*b, 0 = -r + 2*b + 23 - 6. Let k = r + 25. Calculate the remainder when k is divided by 15.
10
Let j = -452 + 497. What is the remainder when 717 is divided by j?
42
Let t(f) = -10*f - 84. Let u be t(-13). Suppose 0 = -9*y - u + 136. Let s(x) = -x**2 - 13*x - 3. Calculate the remainder when s(-6) is divided by y.
9
Let k(v) = v + 9. Let q be k(0). What is the remainder when 63 is divided by ((-27)/(-1))/(q/6)?
9
Suppose -19*w + 1710 = -13*w. Calculate the remainder when w is divided by 24.
21
Let k(c) = -c**3 + c**2 + 14. Let b be (-3)/3 + (-18)/(-3). Suppose 0 = -11*n - b*n + 48. What is the remainder when k(0) is divided by n?
2
Suppose -6*r + 97 = -53. Let g = -22 - -41. Calculate the remainder when r is divided by g.
6
Let u = 30 + -23. Suppose 0 = u*q - 60 - 38. Let x(p) = -13*p + 3. What is the remainder when x(-4) is divided by q?
13
Let z be ((-1)/2)/(3/48). What is the remainder when 28*(36/z)/(-9) is divided by (-2 + -13)*(-3)/9?
4
Suppose -11*c + 113 = -162. Calculate the remainder when 98 is divided by c.
23
Let p = 13 - 4. Let o(v) = -v**3 + 10*v**2 + 8*v - 11. What is the remainder when o(p) is divided by 36?
34
Let k(y) = y**2 + 4*y + 39. What is the remainder when k(12) is divided by 26?
23
Let t = -256 - -440. Suppose -4*i = -3*y + t, -3*y + 211 = -5*i + 29. Let k = 35 + -22. What is the remainder when y is divided by k?
12
Suppose -r - 67*v + 63*v + 409 = 0, -2029 = -5*r - 4*v. Calculate the remainder when r is divided by 102.
99
Calculate the remainder when 76/(-1)*(1 + 27/(-12)) is divided by 25.
20
Suppose 4 = -2*z - 4. What is the remainder when 65 is divided by z/(-18) + 2360/72?
32
Let g(m) = 2*m - 7. Let i be g(8). Suppose -i*b = -7*b - 4. What is the remainder when 39 is divided by -2 - (2*-7 + b)?
9
Let o be 1*1/2*10 - 1. Suppose 4*n - 90 = -0*p + 2*p, 95 = 3*n + o*p. What is the remainder when (-3)/((-9)/132) - -3 is divided by n?
22
Suppose -2*c = -10 + 2. Suppose 0 = -y + c*z + 14, -2*y - 2*z + 5*z + 43 = 0. What is the remainder when y is divided by 4/16 + 21/(-4) - -14?
8
Suppose 0 = -6*a + 344 + 1570. What is the remainder when a is divided by 19?
15
Suppose -z + m = -4, m + 12 = 4*z - m. Let v be (-5)/z*(-8)/(-10). What is the remainder when 21 - (v + 3)*2 is divided by 7?
5
Suppose -35 = v - 0*v. Let y = -10 - v. What is the remainder when 96 is divided by y?
21
Let b(t) be the first derivative of 11*t**2/2 + 56*t - 9. What is the remainder when b(8) is divided by 21?
18
Suppose -14*u + 16*u = 82. What is the remainder when u is divided by 18?
5
Calculate the remainder when 4*(-2)/(-1)*7 is divided by (90/10 - -21)/2.
11
Suppose 9 = 4*n - 23. Suppose -5*h + n = -h. Suppose 0 = -2*b + 5*m + 48, -h*b + 122 = 2*b + 3*m. Calculate the remainder when b is divided by 8.
5
Let g(r) be the third derivative of r**5/60 - r**4/12 + 6*r**2. Calculate the remainder when g(-2) is divided by 6.
2
Suppose 3486 - 314 = 26*w. Calculate the remainder when w is divided by 33.
23
Calculate the remainder when 0 - 15/(105/(-994)) is divided by 33.
10
Suppose 0 = 5*x - 5*a - 35, 18*a - 30 = 12*a. Suppose 3*z - p = 310 - 35, 5*z + 3*p = 477. What is the remainder when z is divided by x?
9
Let c(s) = -8*s**3 - 21*s**2 - 3*s - 12. What is the remainder when 299 is divided by c(-3)?
11
Let c = 28 - -20. Suppose t + 17 - c = 0. Calculate the remainder when t is divided by 11.
9
Suppose 15 = 4*s + 123. Let u = s + 81. Calculate the remainder when u is divided by (-35)/(-2)*(-8)/(-10).
12
Let f = 919 + -858. Let k(m) = -4*m + 2. Let a be k(-5). What is the remainder when f is divided by a + ((-4)/2 - -1)?
19
Suppose 15*j - 42*j = -1431. Calculate the remainder when j is divided by ((-6)/(-9))/(4/42).
4
Suppose 0 = n - 2*n. Suppose n = -r + 5*m + 52, 4*r + 4*m - 3*m = 208. Calculate the remainder when r is divided by 18.
16
Let q(t) = 2 - 1 + t**2 + 2 + 0 - 6*t. Calculate the remainder when 107 is divided by q(7).
7
Suppose 5*y + 15*k - 16*k - 2591 = 0, 3*y - 5*k = 1537. Calculate the remainder when y is divided by 15.
9
Suppose -3*h = -h + 10, 0 = -3*j + 2*h + 76. What is the remainder when j is divided by 13?
9
Let t = 6 + 8. Suppose -2*n + 3*s + 96 = 0, 0*s - 2*s = -8. What is the remainder when n is divided by t?
12
What is the remainder when 297 is divided by 3366/63 + 4/7 + -4?
47
Suppose 3*t = -2*t + 270. Let m(q) = 5*q**2 - 2*q + 4. Let k be m(3). Suppose 0 = h + 15 - k. What is the remainder when t is divided by h?
26
Let d(w) = 55*w**2 + 1. Suppose 0*r + r = 1. What is the remainder when d(r) is divided by 19?
18
Let n = -21 - -53. Let p(a) = -a**3 + 8*a**2 + 10*a - 10. Let i be p(9). What is the remainder when n is divided by i*(-1 + -1*10)?
10
Suppose 57*u = 50*u + 161. What is the remainder when 50 is divided by u?
4
Suppose -2*v = 5*v + 7. Calculate the remainder when (283 - v)/4 + -2 is divided by 16 - -3*2/3.
15
Let x = -38 + 32. Let n(g) = g**3 + 7*g**2 + g - 9. Calculate the remainder when n(x) is divided by ((-2)/4)/((-2)/24).
3
Let h = 10 - 4. Suppose -10 + 0 = 10*n. What is the remainder when ((-120)/(-24))/(n/(-3)) is divided by h?
3
Suppose 0 = f - 5 +